 of 39500320?
0
What is the hundred thousands digit of 131928934?
9
What is the hundred millions digit of 105253663?
1
What is the millions digit of 799802680?
9
What is the hundred thousands digit of 1374292251?
2
What is the millions digit of 269804993?
9
What is the hundred thousands digit of 3734350?
7
What is the units digit of 35942690?
0
What is the units digit of 319799358?
8
What is the ten thousands digit of 5205551550?
5
What is the hundreds digit of 3379793?
7
What is the ten millions digit of 130945436?
3
What is the ten thousands digit of 317019430?
1
What is the millions digit of 49481997?
9
What is the thousands digit of 83722164?
2
What is the ten thousands digit of 1245588491?
8
What is the tens digit of 1818711178?
7
What is the units digit of 86183263?
3
What is the millions digit of 22876756?
2
What is the ten thousands digit of 592736880?
3
What is the tens digit of 213798323?
2
What is the millions digit of 1571875183?
1
What is the ten thousands digit of 1026950906?
5
What is the hundred thousands digit of 2432823491?
8
What is the hundred thousands digit of 62913938?
9
What is the millions digit of 60322416?
0
What is the tens digit of 245249938?
3
What is the millions digit of 60144596?
0
What is the hundred millions digit of 799642066?
7
What is the thousands digit of 1027662395?
2
What is the ten thousands digit of 515599353?
9
What is the ten thousands digit of 37584337?
8
What is the ten thousands digit of 70631195?
3
What is the units digit of 165153713?
3
What is the hundred millions digit of 1044952582?
0
What is the tens digit of 58214690?
9
What is the ten thousands digit of 4347521923?
2
What is the tens digit of 43869173?
7
What is the thousands digit of 3536858832?
8
What is the thousands digit of 50221544?
1
What is the ten thousands digit of 3353235713?
3
What is the millions digit of 1720630240?
0
What is the ten thousands digit of 303400567?
0
What is the ten millions digit of 2964564388?
6
What is the ten thousands digit of 62916675?
1
What is the tens digit of 566479911?
1
What is the ten millions digit of 186598949?
8
What is the hundred millions digit of 147401252?
1
What is the thousands digit of 861302259?
2
What is the tens digit of 532915017?
1
What is the units digit of 1200304465?
5
What is the millions digit of 4429476984?
9
What is the ten millions digit of 50886503?
5
What is the millions digit of 348076166?
8
What is the hundred thousands digit of 71086301?
0
What is the ten thousands digit of 5054645?
5
What is the hundred thousands digit of 33932850?
9
What is the hundred millions digit of 127226368?
1
What is the thousands digit of 5365184?
5
What is the hundred thousands digit of 9632069?
6
What is the hundreds digit of 718041050?
0
What is the tens digit of 29074919?
1
What is the tens digit of 381827879?
7
What is the thousands digit of 34826186?
6
What is the tens digit of 131997026?
2
What is the tens digit of 35864976?
7
What is the tens digit of 205874819?
1
What is the hundred millions digit of 921664685?
9
What is the tens digit of 754467160?
6
What is the thousands digit of 95001152?
1
What is the tens digit of 56813019?
1
What is the millions digit of 99237572?
9
What is the units digit of 163616465?
5
What is the hundreds digit of 3697524745?
7
What is the tens digit of 3129405970?
7
What is the hundred thousands digit of 1167497910?
4
What is the thousands digit of 834166320?
6
What is the thousands digit of 580592771?
2
What is the tens digit of 365843764?
6
What is the ten thousands digit of 412583349?
8
What is the ten millions digit of 130865088?
3
What is the millions digit of 24705362?
4
What is the hundreds digit of 11329410?
4
What is the ten thousands digit of 2202551281?
5
What is the thousands digit of 231291944?
1
What is the hundred millions digit of 1044371017?
0
What is the tens digit of 50701423?
2
What is the tens digit of 9870603?
0
What is the billions digit of 1045288329?
1
What is the tens digit of 5289629508?
0
What is the tens digit of 8719560?
6
What is the hundred thousands digit of 56129447?
1
What is the thousands digit of 31795834?
5
What is the ten millions digit of 852907301?
5
What is the hundreds digit of 992325435?
4
What is the millions digit of 1114441704?
4
What is the ten millions digit of 74529964?
7
What is the ten millions digit of 1959832545?
5
What is the hundreds digit of 9009908?
9
What is the hundred thousands digit of 1701507805?
5
What is the ten thousands digit of 63289114?
8
What is the thousands digit of 337286205?
6
What is the ten thousands digit of 76338275?
3
What is the thousands digit of 33274055?
4
What is the units digit of 29256142?
2
What is the hundreds digit of 7229133?
1
What is the units digit of 4637971?
1
What is the millions digit of 794083802?
4
What is the units digit of 387639265?
5
What is the hundreds digit of 228311533?
5
What is the tens digit of 242801161?
6
What is the millions digit of 41223485?
1
What is the units digit of 33354657?
7
What is the hundreds digit of 284274695?
6
What is the billions digit of 1053484683?
1
What is the millions digit of 176550582?
6
What is the units digit of 781632?
2
What is the hundred millions digit of 112699050?
1
What is the hundreds digit of 1100412812?
8
What is the ten millions digit of 75610621?
7
What is the hundred millions digit of 120535881?
1
What is the hundred thousands digit of 7172256118?
2
What is the ten millions digit of 165433826?
6
What is the hundreds digit of 7248814?
8
What is the hundreds digit of 1721403316?
3
What is the millions digit of 490500122?
0
What is the hundreds digit of 124261806?
8
What is the hundreds digit of 15649844?
8
What is the hundred thousands digit of 125182336?
1
What is the tens digit of 2883112928?
2
What is the hundreds digit of 79941980?
9
What is the millions digit of 4602834613?
2
What is the ten thousands digit of 353370782?
7
What is the hundred thousands digit of 7079148?
0
What is the thousands digit of 203147252?
7
What is the hundred millions digit of 5818756168?
8
What is the hundred thousands digit of 48200175?
2
What is the tens digit of 102477084?
8
What is the ten millions digit of 283778116?
8
What is the ten millions digit of 1827682742?
2
What is the ten millions digit of 3333724559?
3
What is the hundred millions digit of 222188768?
2
What is the hundred thousands digit of 233951897?
9
What is the millions digit of 555105357?
5
What is the ten thousands digit of 166189482?
8
What is the millions digit of 330788711?
0
What is the millions digit of 43343135?
3
What is the millions digit of 3173122538?
3
What is the thousands digit of 4653897?
3
What is the units digit of 15859497?
7
What is the hundred thousands digit of 204028825?
0
What is the hundred millions digit of 123089028?
1
What is the ten millions digit of 753820056?
5
What is the tens digit of 81248898?
9
What is the ten millions digit of 75779002?
7
What is the ten thousands digit of 39541185?
4
What is the tens digit of 88958213?
1
What is the hundreds digit of 80622200?
2
What is the tens digit of 111754991?
9
What is the hundred thousands digit of 5606771263?
7
What is the thousands digit of 198158579?
8
What is the hundreds digit of 63242344?
3
What is the hundreds digit of 8366980?
9
What is the hundred millions digit of 980677593?
9
What is the ten millions digit of 196478373?
9
What is the units digit of 702616001?
1
What is the hundreds digit of 1160785672?
6
What is the units digit of 99004876?
6
What is the thousands digit of 338652841?
2
What is the hundreds digit of 173476090?
0
What is the ten millions digit of 72078988?
7
What is the ten thousands digit of 90347117?
4
What is the thousands digit of 22759770?
9
What is the millions digit of 196100038?
6
What is the ten thousands digit of 787920078?
2
What is the millions digit of 637422587?
7
What is the hundreds digit of 595723548?
5
What is the units digit of 7502225264?
4
What is the ten millions digit of 55529194?
5
What is the hundred thousands digit of 15944797?
9
What is the units digit of 918480453?
3
What is the hundred thousands digit of 5551430376?
4
What is the hundreds digit of 2038119022?
0
What is the ten millions digit of 19976068?
1
What is the hund